{"id":391,"date":"2017-05-24T10:36:12","date_gmt":"2017-05-24T10:36:12","guid":{"rendered":"http:\/\/logosinternationalschool.es\/?page_id=391"},"modified":"2025-04-23T07:52:09","modified_gmt":"2025-04-23T07:52:09","slug":"summer-camp","status":"publish","type":"page","link":"https:\/\/logosnurseryschool.es\/nursery\/summer-camp\/","title":{"rendered":"Summer Camp"},"content":{"rendered":"<p>[et_pb_section fb_built=&#8221;1&#8243; fullwidth=&#8221;on&#8221; _builder_version=&#8221;3.20.2&#8243; background_color=&#8221;#00452e&#8221; custom_padding=&#8221;0px|0px|45px|0px&#8221;][et_pb_fullwidth_header title=&#8221;SUMMER CAMPS&#8221; _builder_version=&#8221;3.20.2&#8243; title_font_size=&#8221;50px&#8221; background_color=&#8221;rgba(255, 255, 255, 0)&#8221; button_one_text_size__hover_enabled=&#8221;off&#8221; button_one_text_size__hover=&#8221;null&#8221; button_two_text_size__hover_enabled=&#8221;off&#8221; button_two_text_size__hover=&#8221;null&#8221; button_one_text_color__hover_enabled=&#8221;off&#8221; button_one_text_color__hover=&#8221;null&#8221; button_two_text_color__hover_enabled=&#8221;off&#8221; button_two_text_color__hover=&#8221;null&#8221; button_one_border_width__hover_enabled=&#8221;off&#8221; button_one_border_width__hover=&#8221;null&#8221; button_two_border_width__hover_enabled=&#8221;off&#8221; button_two_border_width__hover=&#8221;null&#8221; button_one_border_color__hover_enabled=&#8221;off&#8221; button_one_border_color__hover=&#8221;null&#8221; button_two_border_color__hover_enabled=&#8221;off&#8221; button_two_border_color__hover=&#8221;null&#8221; button_one_border_radius__hover_enabled=&#8221;off&#8221; button_one_border_radius__hover=&#8221;null&#8221; button_two_border_radius__hover_enabled=&#8221;off&#8221; button_two_border_radius__hover=&#8221;null&#8221; button_one_letter_spacing__hover_enabled=&#8221;off&#8221; button_one_letter_spacing__hover=&#8221;null&#8221; button_two_letter_spacing__hover_enabled=&#8221;off&#8221; button_two_letter_spacing__hover=&#8221;null&#8221; button_one_bg_color__hover_enabled=&#8221;off&#8221; button_one_bg_color__hover=&#8221;null&#8221; button_two_bg_color__hover_enabled=&#8221;off&#8221; button_two_bg_color__hover=&#8221;null&#8221;][\/et_pb_fullwidth_header][\/et_pb_section][et_pb_section fb_built=&#8221;1&#8243; _builder_version=&#8221;3.22&#8243; custom_padding=&#8221;25px|0px|54px|0px&#8221;][et_pb_row _builder_version=&#8221;3.25&#8243;][et_pb_column type=&#8221;2_3&#8243; _builder_version=&#8221;3.25&#8243; custom_padding__hover=&#8221;|||&#8221;][et_pb_text _builder_version=&#8221;3.20.2&#8243;]<\/p>\n<h3 class=\"LC20lb MBeuO DKV0Md\">\u2600\ufe0f <span style=\"font-size: x-large; color: #e30613;\">Summer Camp Logos <\/span>\u2600\ufe0f<\/h3>\n<p>&nbsp;<\/p>\n<p>Nuestro <strong>Summer Camp<\/strong> consta de 6 semanas con programaciones semanales diferentes pero complementarias, por lo que el alumno puede matricularse las semanas que desee.<\/p>\n<p>La mayor\u00eda de estas <strong>actividades se realizar\u00e1n en ingl\u00e9s<\/strong>.<\/p>\n<p>Tendremos<strong> Talleres de cocina<\/strong>, donde se convertir\u00e1n en grandes chefs, preparando recetas cada semana.<\/p>\n<p>Y acudiremos a <strong>Parque Europa, Safari Madrid, Zoo de la Casa de Campo, Parque Aventura Torrelino, Boca del Asno y piscinas naturales de Rascafr\u00eda.\u00a0<\/strong><\/p>\n<p>[\/et_pb_text][\/et_pb_column][et_pb_column type=&#8221;1_3&#8243; _builder_version=&#8221;3.25&#8243; custom_padding__hover=&#8221;|||&#8221;][et_pb_text _builder_version=&#8221;3.20.2&#8243; inline_fonts=&#8221;Pacifico&#8221;]<\/p>\n<p>Aqu\u00ed puedes ver o descargarte el folleto con m\u00e1s informaci\u00f3n.<\/p>\n<p>[\/et_pb_text][et_pb_button button_url=&#8221;https:\/\/logosnurseryschool.es\/nursery\/wp-content\/uploads\/2025\/04\/Folleto-Summer-camp_Web.pdf&#8221; url_new_window=&#8221;on&#8221; button_text=&#8221;Folleto informativo&#8221; button_alignment=&#8221;center&#8221; admin_label=&#8221;Bot\u00f3n men\u00fa&#8221; _builder_version=&#8221;3.20.2&#8243; custom_button=&#8221;on&#8221; button_text_color=&#8221;#e30613&#8243; button_border_color=&#8221;#e30613&#8243; button_font=&#8221;|700|||||||&#8221; button_icon=&#8221;%%266%%&#8221; custom_margin=&#8221;0px||&#8221; button_bg_color_hover=&#8221;rgba(0,0,0,0)&#8221; button_text_size__hover_enabled=&#8221;off&#8221; button_text_size__hover=&#8221;null&#8221; button_one_text_size__hover_enabled=&#8221;off&#8221; button_one_text_size__hover=&#8221;null&#8221; button_two_text_size__hover_enabled=&#8221;off&#8221; button_two_text_size__hover=&#8221;null&#8221; button_text_color__hover_enabled=&#8221;off&#8221; button_text_color__hover=&#8221;null&#8221; button_one_text_color__hover_enabled=&#8221;off&#8221; button_one_text_color__hover=&#8221;null&#8221; button_two_text_color__hover_enabled=&#8221;off&#8221; button_two_text_color__hover=&#8221;null&#8221; button_border_width__hover_enabled=&#8221;off&#8221; button_border_width__hover=&#8221;null&#8221; button_one_border_width__hover_enabled=&#8221;off&#8221; button_one_border_width__hover=&#8221;null&#8221; button_two_border_width__hover_enabled=&#8221;off&#8221; button_two_border_width__hover=&#8221;null&#8221; button_border_color__hover_enabled=&#8221;off&#8221; button_border_color__hover=&#8221;null&#8221; button_one_border_color__hover_enabled=&#8221;off&#8221; button_one_border_color__hover=&#8221;null&#8221; button_two_border_color__hover_enabled=&#8221;off&#8221; button_two_border_color__hover=&#8221;null&#8221; button_border_radius__hover_enabled=&#8221;off&#8221; button_border_radius__hover=&#8221;null&#8221; button_one_border_radius__hover_enabled=&#8221;off&#8221; button_one_border_radius__hover=&#8221;null&#8221; button_two_border_radius__hover_enabled=&#8221;off&#8221; button_two_border_radius__hover=&#8221;null&#8221; button_letter_spacing__hover_enabled=&#8221;off&#8221; button_letter_spacing__hover=&#8221;null&#8221; button_one_letter_spacing__hover_enabled=&#8221;off&#8221; button_one_letter_spacing__hover=&#8221;null&#8221; button_two_letter_spacing__hover_enabled=&#8221;off&#8221; button_two_letter_spacing__hover=&#8221;null&#8221; button_bg_color__hover_enabled=&#8221;on&#8221; button_bg_color__hover=&#8221;rgba(0,0,0,0)&#8221; button_one_bg_color__hover_enabled=&#8221;off&#8221; button_one_bg_color__hover=&#8221;null&#8221; button_two_bg_color__hover_enabled=&#8221;off&#8221; button_two_bg_color__hover=&#8221;null&#8221;][\/et_pb_button][et_pb_image src=&#8221;https:\/\/logosnurseryschool.es\/nursery\/wp-content\/uploads\/2025\/04\/folleto.png&#8221; _builder_version=&#8221;3.20.2&#8243;][\/et_pb_image][\/et_pb_column][\/et_pb_row][\/et_pb_section][et_pb_section fb_built=&#8221;1&#8243; _builder_version=&#8221;3.20.2&#8243; custom_padding=&#8221;|0px|54px|0px&#8221; locked=&#8221;off&#8221;][et_pb_row _builder_version=&#8221;3.25&#8243;][et_pb_column type=&#8221;4_4&#8243; _builder_version=&#8221;3.25&#8243; custom_padding__hover=&#8221;|||&#8221;][et_pb_text _builder_version=&#8221;3.20.2&#8243; box_shadow_style=&#8221;preset6&#8243; inline_fonts=&#8221;Pacifico&#8221;]&nbsp;<\/p>\n<p>&nbsp;<\/p>\n<p style=\"text-align: center;\"><span style=\"font-family: Pacifico; font-weight: normal; color: #e30613; font-size: x-large;\"><em>&#8220;Las inscripciones pueden hacerse por semanas independientes, alternas o continuas. &#8220;<\/em><\/span><\/p>\n<p>&nbsp;<\/p>\n<p>&nbsp;[\/et_pb_text][et_pb_text _builder_version=&#8221;3.20.2&#8243;]A lo largo del Summer Camp, realizaremos salidas de d\u00eda completo en las que conoceremos <strong>entornos naturales de inter\u00e9s<\/strong>.[\/et_pb_text][et_pb_text _builder_version=&#8221;3.20.2&#8243;]<\/p>\n<p>Practicaremos <strong>multideporte<\/strong> a diario: p\u00e1del, baloncesto, voleibol, etc. y organizaremos olimpiadas deportivas con entrega de medallas.<\/p>\n<p>[\/et_pb_text][et_pb_text _builder_version=&#8221;3.20.2&#8243;]<\/p>\n<p>Y tambi\u00e9n otras actividades muy entretenidas y divertidas como las que pod\u00e9is ver en las im\u00e1genes.<\/p>\n<p>[\/et_pb_text][et_pb_gallery gallery_ids=&#8221;11159,11158,11156,11157,11155,11154,11152,11153&#8243; posts_number=&#8221;8&#8243; show_title_and_caption=&#8221;off&#8221; show_pagination=&#8221;off&#8221; _builder_version=&#8221;3.20.2&#8243;][\/et_pb_gallery][et_pb_divider _builder_version=&#8221;3.20.2&#8243;][\/et_pb_divider][\/et_pb_column][\/et_pb_row][\/et_pb_section][et_pb_section fb_built=&#8221;1&#8243; _builder_version=&#8221;3.22&#8243; custom_padding=&#8221;25px|0px|54px|0px&#8221; locked=&#8221;off&#8221;][et_pb_row _builder_version=&#8221;3.25&#8243;][et_pb_column type=&#8221;2_3&#8243; _builder_version=&#8221;3.25&#8243; custom_padding__hover=&#8221;|||&#8221;][et_pb_text _builder_version=&#8221;3.20.2&#8243;]<\/p>\n<h3 class=\"LC20lb MBeuO DKV0Md\">&#x1f482; <span style=\"font-size: x-large; color: #e30613;\">Summer Camp United Kingdom <\/span>&#x1f482;<\/h3>\n<p>&nbsp;<\/p>\n<p><strong>Myddelton College<\/strong> colegio de confianza, que conocemos bien. Es un Boarding School, colegio privado de renombre, situado en la ciudad de Denbigh, en Gales.<\/p>\n<p><strong>\u00bfDonde? En la localidad de Denbigh, <\/strong>a 1h y 20 minutos de <strong>Manchester. <\/strong>\u00a0En un entorno singular de la campi\u00f1a inglesa.<\/p>\n<p>Nuestros Alumnos residir\u00e1n en el boarding del colegio, donde estar\u00e1n supervisados por <strong>personal de Myddelton.<\/strong><\/p>\n<p>&nbsp;<\/p>\n<p>[\/et_pb_text][\/et_pb_column][et_pb_column type=&#8221;1_3&#8243; _builder_version=&#8221;3.25&#8243; custom_padding__hover=&#8221;|||&#8221;][et_pb_text _builder_version=&#8221;3.20.2&#8243; inline_fonts=&#8221;Pacifico&#8221;]<\/p>\n<p style=\"text-align: left;\">Aqu\u00ed puedes ver o descargarte el folleto con m\u00e1s informaci\u00f3n.<\/p>\n<p>[\/et_pb_text][et_pb_button button_url=&#8221;https:\/\/logosinternationalschool.es\/wp-content\/uploads\/2023\/11\/Campamento-UK-Logos.pdf&#8221; url_new_window=&#8221;on&#8221; button_text=&#8221;Folleto informativo&#8221; button_alignment=&#8221;center&#8221; admin_label=&#8221;Bot\u00f3n men\u00fa&#8221; _builder_version=&#8221;3.20.2&#8243; custom_button=&#8221;on&#8221; button_text_color=&#8221;#e30613&#8243; button_border_color=&#8221;#e30613&#8243; button_font=&#8221;|700|||||||&#8221; button_icon=&#8221;%%266%%&#8221; custom_margin=&#8221;0px||&#8221; button_bg_color_hover=&#8221;rgba(0,0,0,0)&#8221; button_text_size__hover_enabled=&#8221;off&#8221; button_text_size__hover=&#8221;null&#8221; button_one_text_size__hover_enabled=&#8221;off&#8221; button_one_text_size__hover=&#8221;null&#8221; button_two_text_size__hover_enabled=&#8221;off&#8221; button_two_text_size__hover=&#8221;null&#8221; button_text_color__hover_enabled=&#8221;off&#8221; button_text_color__hover=&#8221;null&#8221; button_one_text_color__hover_enabled=&#8221;off&#8221; button_one_text_color__hover=&#8221;null&#8221; button_two_text_color__hover_enabled=&#8221;off&#8221; button_two_text_color__hover=&#8221;null&#8221; button_border_width__hover_enabled=&#8221;off&#8221; button_border_width__hover=&#8221;null&#8221; button_one_border_width__hover_enabled=&#8221;off&#8221; button_one_border_width__hover=&#8221;null&#8221; button_two_border_width__hover_enabled=&#8221;off&#8221; button_two_border_width__hover=&#8221;null&#8221; button_border_color__hover_enabled=&#8221;off&#8221; button_border_color__hover=&#8221;null&#8221; button_one_border_color__hover_enabled=&#8221;off&#8221; button_one_border_color__hover=&#8221;null&#8221; button_two_border_color__hover_enabled=&#8221;off&#8221; button_two_border_color__hover=&#8221;null&#8221; button_border_radius__hover_enabled=&#8221;off&#8221; button_border_radius__hover=&#8221;null&#8221; button_one_border_radius__hover_enabled=&#8221;off&#8221; button_one_border_radius__hover=&#8221;null&#8221; button_two_border_radius__hover_enabled=&#8221;off&#8221; button_two_border_radius__hover=&#8221;null&#8221; button_letter_spacing__hover_enabled=&#8221;off&#8221; button_letter_spacing__hover=&#8221;null&#8221; button_one_letter_spacing__hover_enabled=&#8221;off&#8221; button_one_letter_spacing__hover=&#8221;null&#8221; button_two_letter_spacing__hover_enabled=&#8221;off&#8221; button_two_letter_spacing__hover=&#8221;null&#8221; button_bg_color__hover_enabled=&#8221;on&#8221; button_bg_color__hover=&#8221;rgba(0,0,0,0)&#8221; button_one_bg_color__hover_enabled=&#8221;off&#8221; button_one_bg_color__hover=&#8221;null&#8221; button_two_bg_color__hover_enabled=&#8221;off&#8221; button_two_bg_color__hover=&#8221;null&#8221;][\/et_pb_button][et_pb_image src=&#8221;https:\/\/logosnurseryschool.es\/nursery\/wp-content\/uploads\/2024\/08\/uk.jpg.webp&#8221; _builder_version=&#8221;3.20.2&#8243;][\/et_pb_image][\/et_pb_column][\/et_pb_row][\/et_pb_section][et_pb_section fb_built=&#8221;1&#8243; _builder_version=&#8221;3.22&#8243; custom_padding=&#8221;25px|0px|54px|0px&#8221; locked=&#8221;off&#8221;][et_pb_row _builder_version=&#8221;3.25&#8243;][et_pb_column type=&#8221;4_4&#8243; _builder_version=&#8221;3.25&#8243; custom_padding__hover=&#8221;|||&#8221;][et_pb_text _builder_version=&#8221;3.20.2&#8243; box_shadow_style=&#8221;preset6&#8243; inline_fonts=&#8221;Pacifico&#8221;]<\/p>\n<p>&nbsp;<\/p>\n<p>&nbsp;<\/p>\n<p style=\"text-align: center;\"><span style=\"font-family: Pacifico; font-weight: normal; color: #e30613; font-size: x-large;\"><em><span style=\"color: #e30613; font-family: Pacifico; font-size: x-large;\">&#8220;Myddelton College. Colegio de confianza que conocemos bien\u00a0&#8220;<\/span><\/em><\/span><\/p>\n<p>&nbsp;<\/p>\n<p>&nbsp;<\/p>\n<p>[\/et_pb_text][et_pb_text _builder_version=&#8221;3.20.2&#8243;]<\/p>\n<p>Tendremos habitaciones dobles en edificios separados por chicas y chicos, con zonas comunes supervisadas para los tiempos libres y actividades.<\/p>\n<p>[\/et_pb_text][et_pb_text _builder_version=&#8221;3.20.2&#8243;]<\/p>\n<p>Gracias a nuestro trato directo con Myddelton, nos garantizan que de los 90 alumnos que realizan este campamento, los alumnos de nuestros colegios ser\u00e1n los <strong>\u00fanicos espa\u00f1oles<\/strong>. Por lo que la mayor\u00eda de alumnos ser\u00e1n internacionales de otros pa\u00edses (Francia, Alemania, etc.)<\/p>\n<p>[\/et_pb_text][et_pb_text _builder_version=&#8221;3.20.2&#8243;]<\/p>\n<p>Y tambi\u00e9n realizaremos un completo<strong> programa de actividades muy entretenidas y divertidas<\/strong> como campamento de aventura, actividades dentro y fura del colegio y excursiones ludicas y de naturaleza.<\/p>\n<p>[\/et_pb_text][et_pb_gallery gallery_ids=&#8221;11203,11202,11200,11201,11199,11198,11197,11196,11194,11195,11193,11192&#8243; posts_number=&#8221;12&#8243; show_title_and_caption=&#8221;off&#8221; show_pagination=&#8221;off&#8221; _builder_version=&#8221;3.20.2&#8243;][\/et_pb_gallery][et_pb_divider _builder_version=&#8221;3.20.2&#8243;][\/et_pb_divider][\/et_pb_column][\/et_pb_row][\/et_pb_section][et_pb_section fb_built=&#8221;1&#8243; _builder_version=&#8221;3.22&#8243; custom_padding=&#8221;25px|0px|54px|0px&#8221; locked=&#8221;off&#8221;][et_pb_row _builder_version=&#8221;3.25&#8243;][et_pb_column type=&#8221;2_3&#8243; _builder_version=&#8221;3.25&#8243; custom_padding__hover=&#8221;|||&#8221;][et_pb_text _builder_version=&#8221;3.20.2&#8243;]<\/p>\n<h3 class=\"LC20lb MBeuO DKV0Md\">&#x1f30a; <span style=\"font-size: x-large; color: #e30613;\">Summer Camp Cantabria <\/span>&#x1f30a;<\/h3>\n<p>&nbsp;<\/p>\n<p>Campamento exclusivo para nuestros alumnos de primaria (de 3\u00ba a 6\u00ba de primaria, ambos incluidos) en un fant\u00e1stico entorno natural de la costa c\u00e1ntabra, junto a <strong>San Vicente de la Barquera.<\/strong><\/p>\n<p>&nbsp;<\/p>\n<p>Se ha elegido\u00a0 este enclave por varios motivos, pero destacan dos: <strong>Un clima m\u00e1s suave en verano y una gran variedad de escenarios para realizar m\u00faltiples actividades para disfrutar de unos d\u00edas<\/strong>.<\/p>\n<p>Para ello, se ha preparado un programa muy variado donde los asistentes van a poder disfrutar de un entorno espectacular.<\/p>\n<p>[\/et_pb_text][\/et_pb_column][et_pb_column type=&#8221;1_3&#8243; _builder_version=&#8221;3.25&#8243; custom_padding__hover=&#8221;|||&#8221;][et_pb_text _builder_version=&#8221;3.20.2&#8243; inline_fonts=&#8221;Pacifico&#8221;]<\/p>\n<p style=\"text-align: left;\">Aqu\u00ed puedes ver o descargarte el folleto con m\u00e1s informaci\u00f3n.<\/p>\n<p>[\/et_pb_text][et_pb_button button_url=&#8221;https:\/\/logosinternationalschool.es\/wp-content\/uploads\/2023\/11\/CAMPAMENTO-CANTABRIA-LOGOS-2023.pdf&#8221; url_new_window=&#8221;on&#8221; button_text=&#8221;Folleto informativo&#8221; button_alignment=&#8221;center&#8221; admin_label=&#8221;Bot\u00f3n men\u00fa&#8221; _builder_version=&#8221;3.20.2&#8243; custom_button=&#8221;on&#8221; button_text_color=&#8221;#e30613&#8243; button_border_color=&#8221;#e30613&#8243; button_font=&#8221;|700|||||||&#8221; button_icon=&#8221;%%266%%&#8221; custom_margin=&#8221;0px||&#8221; button_bg_color_hover=&#8221;rgba(0,0,0,0)&#8221; button_text_size__hover_enabled=&#8221;off&#8221; button_text_size__hover=&#8221;null&#8221; button_one_text_size__hover_enabled=&#8221;off&#8221; button_one_text_size__hover=&#8221;null&#8221; button_two_text_size__hover_enabled=&#8221;off&#8221; button_two_text_size__hover=&#8221;null&#8221; button_text_color__hover_enabled=&#8221;off&#8221; button_text_color__hover=&#8221;null&#8221; button_one_text_color__hover_enabled=&#8221;off&#8221; button_one_text_color__hover=&#8221;null&#8221; button_two_text_color__hover_enabled=&#8221;off&#8221; button_two_text_color__hover=&#8221;null&#8221; button_border_width__hover_enabled=&#8221;off&#8221; button_border_width__hover=&#8221;null&#8221; button_one_border_width__hover_enabled=&#8221;off&#8221; button_one_border_width__hover=&#8221;null&#8221; button_two_border_width__hover_enabled=&#8221;off&#8221; button_two_border_width__hover=&#8221;null&#8221; button_border_color__hover_enabled=&#8221;off&#8221; button_border_color__hover=&#8221;null&#8221; button_one_border_color__hover_enabled=&#8221;off&#8221; button_one_border_color__hover=&#8221;null&#8221; button_two_border_color__hover_enabled=&#8221;off&#8221; button_two_border_color__hover=&#8221;null&#8221; button_border_radius__hover_enabled=&#8221;off&#8221; button_border_radius__hover=&#8221;null&#8221; button_one_border_radius__hover_enabled=&#8221;off&#8221; button_one_border_radius__hover=&#8221;null&#8221; button_two_border_radius__hover_enabled=&#8221;off&#8221; button_two_border_radius__hover=&#8221;null&#8221; button_letter_spacing__hover_enabled=&#8221;off&#8221; button_letter_spacing__hover=&#8221;null&#8221; button_one_letter_spacing__hover_enabled=&#8221;off&#8221; button_one_letter_spacing__hover=&#8221;null&#8221; button_two_letter_spacing__hover_enabled=&#8221;off&#8221; button_two_letter_spacing__hover=&#8221;null&#8221; button_bg_color__hover_enabled=&#8221;on&#8221; button_bg_color__hover=&#8221;rgba(0,0,0,0)&#8221; button_one_bg_color__hover_enabled=&#8221;off&#8221; button_one_bg_color__hover=&#8221;null&#8221; button_two_bg_color__hover_enabled=&#8221;off&#8221; button_two_bg_color__hover=&#8221;null&#8221;][\/et_pb_button][et_pb_image src=&#8221;https:\/\/logosnurseryschool.es\/nursery\/wp-content\/uploads\/2024\/08\/cantabria.jpg.png&#8221; _builder_version=&#8221;3.20.2&#8243;][\/et_pb_image][\/et_pb_column][\/et_pb_row][\/et_pb_section][et_pb_section fb_built=&#8221;1&#8243; _builder_version=&#8221;3.22&#8243; custom_padding=&#8221;25px|0px|54px|0px&#8221; locked=&#8221;off&#8221;][et_pb_row _builder_version=&#8221;3.25&#8243;][et_pb_column type=&#8221;4_4&#8243; _builder_version=&#8221;3.25&#8243; custom_padding__hover=&#8221;|||&#8221;][et_pb_text _builder_version=&#8221;3.20.2&#8243; box_shadow_style=&#8221;preset6&#8243; inline_fonts=&#8221;Pacifico&#8221;]<\/p>\n<p>&nbsp;<\/p>\n<p>&nbsp;<\/p>\n<p style=\"text-align: center;\"><span style=\"font-family: Pacifico; font-weight: normal; color: #e30613; font-size: x-large;\"><em><span style=\"color: #e30613; font-family: Pacifico; font-size: x-large;\">&#8220;Diversi\u00f3n + Naturaleza + Amigos. &#8220;<\/span><\/em><\/span><\/p>\n<p>&nbsp;<\/p>\n<p>&nbsp;<\/p>\n<p>[\/et_pb_text][et_pb_text _builder_version=&#8221;3.20.2&#8243;]<\/p>\n<p>Realizaremos: <strong>Surf, descenso del Deva, visita al Parque de la naturaleza de Cab\u00e1rceno, visita a Comillas y Santillana del Mar, paseo por el Bosque de Secuoyas, Ruta del Nansa, juegos en la playa, visita a la Cueva del Soplao, spikeball etc.<\/strong><\/p>\n<p>&nbsp;<\/p>\n<p>[\/et_pb_text][et_pb_text _builder_version=&#8221;3.20.2&#8243;]<\/p>\n<p>El <strong>alojamiento<\/strong> tendr\u00e1 lugar frente a la Playa de Mer\u00f3n, con unas instalaciones reci\u00e9n reformadas en el Alojamiento rural La Pradera. Con una capacidad aproximada de 40 alumnos, las instalaciones cuentan con salas de actividades, comedor propio y zonas verdes.<\/p>\n<p>&nbsp;<\/p>\n<p>[\/et_pb_text][et_pb_text _builder_version=&#8221;3.20.2&#8243;]<\/p>\n<p>En definitiva, todos los ingredientes para u<strong>nos d\u00edas inolvidables en un entorno \u00fanico, llenos de diversi\u00f3n<\/strong>.<\/p>\n<p>>[\/et_pb_text][et_pb_gallery gallery_ids=&#8221;11213,11214,11212,11215&#8243; show_title_and_caption=&#8221;off&#8221; show_pagination=&#8221;off&#8221; _builder_version=&#8221;3.20.2&#8243; caption_font=&#8221;||||||||&#8221;][\/et_pb_gallery][et_pb_divider _builder_version=&#8221;3.20.2&#8243;][\/et_pb_divider][\/et_pb_column][\/et_pb_row][\/et_pb_section]<\/p>\n","protected":false},"excerpt":{"rendered":"<p>[et_pb_section fb_built=&#8221;1&#8243; fullwidth=&#8221;on&#8221; _builder_version=&#8221;3.20.2&#8243; background_color=&#8221;#00452e&#8221; custom_padding=&#8221;0px|0px|45px|0px&#8221;][et_pb_fullwidth_header title=&#8221;SUMMER CAMPS&#8221; _builder_version=&#8221;3.20.2&#8243; title_font_size=&#8221;50px&#8221; background_color=&#8221;rgba(255, 255, 255, 0)&#8221; button_one_text_size__hover_enabled=&#8221;off&#8221; button_one_text_size__hover=&#8221;null&#8221; button_two_text_size__hover_enabled=&#8221;off&#8221; button_two_text_size__hover=&#8221;null&#8221; button_one_text_color__hover_enabled=&#8221;off&#8221; button_one_text_color__hover=&#8221;null&#8221; button_two_text_color__hover_enabled=&#8221;off&#8221; button_two_text_color__hover=&#8221;null&#8221; button_one_border_width__hover_enabled=&#8221;off&#8221; button_one_border_width__hover=&#8221;null&#8221; button_two_border_width__hover_enabled=&#8221;off&#8221; button_two_border_width__hover=&#8221;null&#8221; button_one_border_color__hover_enabled=&#8221;off&#8221; button_one_border_color__hover=&#8221;null&#8221; button_two_border_color__hover_enabled=&#8221;off&#8221; button_two_border_color__hover=&#8221;null&#8221; button_one_border_radius__hover_enabled=&#8221;off&#8221; button_one_border_radius__hover=&#8221;null&#8221; button_two_border_radius__hover_enabled=&#8221;off&#8221; button_two_border_radius__hover=&#8221;null&#8221; button_one_letter_spacing__hover_enabled=&#8221;off&#8221; button_one_letter_spacing__hover=&#8221;null&#8221; button_two_letter_spacing__hover_enabled=&#8221;off&#8221; button_two_letter_spacing__hover=&#8221;null&#8221; button_one_bg_color__hover_enabled=&#8221;off&#8221; button_one_bg_color__hover=&#8221;null&#8221; button_two_bg_color__hover_enabled=&#8221;off&#8221; button_two_bg_color__hover=&#8221;null&#8221;][\/et_pb_fullwidth_header][\/et_pb_section][et_pb_section fb_built=&#8221;1&#8243; _builder_version=&#8221;3.22&#8243; custom_padding=&#8221;25px|0px|54px|0px&#8221;][et_pb_row _builder_version=&#8221;3.25&#8243;][et_pb_column type=&#8221;2_3&#8243; _builder_version=&#8221;3.25&#8243; custom_padding__hover=&#8221;|||&#8221;][et_pb_text _builder_version=&#8221;3.20.2&#8243;] \u2600\ufe0f Summer Camp Logos \u2600\ufe0f [&hellip;]<\/p>\n","protected":false},"author":14,"featured_media":0,"parent":0,"menu_order":0,"comment_status":"closed","ping_status":"closed","template":"","meta":{"_et_pb_use_builder":"on","_et_pb_old_content":"<!-- wp:divi\/placeholder \/-->","footnotes":""},"class_list":["post-391","page","type-page","status-publish","hentry"],"_links":{"self":[{"href":"https:\/\/logosnurseryschool.es\/nursery\/wp-json\/wp\/v2\/pages\/391","targetHints":{"allow":["GET"]}}],"collection":[{"href":"https:\/\/logosnurseryschool.es\/nursery\/wp-json\/wp\/v2\/pages"}],"about":[{"href":"https:\/\/logosnurseryschool.es\/nursery\/wp-json\/wp\/v2\/types\/page"}],"author":[{"embeddable":true,"href":"https:\/\/logosnurseryschool.es\/nursery\/wp-json\/wp\/v2\/users\/14"}],"replies":[{"embeddable":true,"href":"https:\/\/logosnurseryschool.es\/nursery\/wp-json\/wp\/v2\/comments?post=391"}],"version-history":[{"count":24,"href":"https:\/\/logosnurseryschool.es\/nursery\/wp-json\/wp\/v2\/pages\/391\/revisions"}],"predecessor-version":[{"id":11453,"href":"https:\/\/logosnurseryschool.es\/nursery\/wp-json\/wp\/v2\/pages\/391\/revisions\/11453"}],"wp:attachment":[{"href":"https:\/\/logosnurseryschool.es\/nursery\/wp-json\/wp\/v2\/media?parent=391"}],"curies":[{"name":"wp","href":"https:\/\/api.w.org\/{rel}","templated":true}]}}