{"id":4085,"date":"2017-01-22T12:46:31","date_gmt":"2017-01-22T12:46:31","guid":{"rendered":"https:\/\/logosnurseryschool.es\/nursery\/?page_id=4085"},"modified":"2021-09-26T11:02:17","modified_gmt":"2021-09-26T11:02:17","slug":"politica-privacidad","status":"publish","type":"page","link":"https:\/\/logosnurseryschool.es\/nursery\/politica-privacidad\/","title":{"rendered":"Pol\u00edtica de privacidad"},"content":{"rendered":"<p style=\"text-align: center;\"><strong>Informaci\u00f3n adicional y detallada sobre protecci\u00f3n de datos personales<\/strong><\/p>\n<p>La presente pol\u00edtica de privacidad (en adelante, la \u201cPol\u00edtica de Privacidad\u201d) tiene como objetivo facilitar informaci\u00f3n adicional y detallada a los interesados sobre la Pol\u00edtica de Privacidad de INVESTIGACI\u00d3N Y SERVICIOS EDUCATIVOS LOGOS, S.A. (en adelante \u201cCOLEGIO LOGOS\u201d), dando cumplimiento a la normativa en esta materia, en especial al Reglamento (UE) 2016\/679, de 27 de abril de 2016, relativo a la protecci\u00f3n de las personas f\u00edsicas en lo que respecta al tratamiento de datos personales y a la libre circulaci\u00f3n de estos datos y por el que se deroga la Directiva 95\/46\/CE, y a la Ley Org\u00e1nica 3\/2018, de 5 de diciembre, de Protecci\u00f3n de Datos y Garant\u00eda de los Derechos Digitales.<\/p>\n<p>&nbsp;<\/p>\n<p>Se pretende con ello ayudar al Usuario a tomar decisiones informadas cuando utiliza el Sitio Web y a comprender de qu\u00e9 modo trataremos la informaci\u00f3n personal facilitada por el mismo a trav\u00e9s de los distintos formularios de recogida de datos que figuran en el Sitio Web. Le invitamos a que la lea con atenci\u00f3n para mantener en todo momento el control sobre sus datos personales.<\/p>\n<p>&nbsp;<\/p>\n<p>El Usuario garantiza que los datos remitidos o aportados son verdaderos, exactos, completos y actualizados, siendo responsable de cualquier da\u00f1o o perjuicio, directo o indirecto, que pudiera ocasionarse como consecuencia del incumplimiento de tal obligaci\u00f3n. En el caso de que los datos aportados pertenecieran a un tercero, el Usuario garantiza que ha informado a dicho tercero de los aspectos contenidos en esta Pol\u00edtica de Privacidad y ha obtenido su autorizaci\u00f3n de manera previa para facilitar sus datos a COLEGIO LOGOS para los fines se\u00f1alados.<\/p>\n<p>&nbsp;<\/p>\n<p><strong>\u00bfQui\u00e9n es el responsable del tratamiento de los datos personales del Usuario?<\/strong><\/p>\n<p>&nbsp;<\/p>\n<ul>\n<li>Identidad:\u00a0INVESTIGACI\u00d3N Y SERVICIOS EDUCATIVOS LOGOS, S.A. sociedad constituida al amparo de la legislaci\u00f3n espa\u00f1ola, con C.I.F n\u00ba A28987196, e inscrito en el Registro Mercantil de Madrid, Tomo: 75, Folio: 132, Hoja: m1481 inscripci\u00f3n 17\u00aa<\/li>\n<li>Domicilio: C\/ SACRE, 2, 28232, LAS ROZAS, MADRID<\/li>\n<li>Tel\u00e9fono: 916303494<\/li>\n<li>E-mail: <a href=\"mailto:colegio@colegiologos.com\">colegio@colegiologos.com<\/a><\/li>\n<li>Datos de contacto del delegado de protecci\u00f3n de datos: ATEA CORPORATE COMPLIANCE, S.L. Domicilio en: C\/ Maudes, 51 &#8211; 8, 28003 Madrid. Email: <a href=\"mailto:rgpd@ateacompliance.com\">rgpd@ateacompliance.com<\/a>.<\/li>\n<\/ul>\n<p><strong>\u00a0<\/strong><\/p>\n<p><strong>\u00bfCon qu\u00e9 finalidad tratamos los datos personales del Usuario?<\/strong><\/p>\n<p>&nbsp;<\/p>\n<p>Sus datos ser\u00e1n tratados para la resoluci\u00f3n de sus consultas, as\u00ed como para organizar sus visitas al centro y si contamos con su consentimiento, para remitirle informaci\u00f3n sobre nuestros servicios o las actividades organizadas por el Colegio.<\/p>\n<p>&nbsp;<\/p>\n<p>Tambi\u00e9n trataremos los datos facilitados por los solicitantes de empleo para el examen de la idoneidad de los usuarios paras las distintas candidaturas y estudiar su incorporaci\u00f3n a los correspondientes procesos de selecci\u00f3n.<\/p>\n<p>&nbsp;<\/p>\n<p><strong>\u00bfCu\u00e1l es la legitimaci\u00f3n para el tratamiento de los datos personales del Usuario?<\/strong><\/p>\n<p>&nbsp;<\/p>\n<p>La base legal que legitima y nos permite tratar los datos personales del Usuario es el consentimiento otorgado por el Usuario al aceptar expl\u00edcitamente la presente Pol\u00edtica de Privacidad, aceptando el \u201ccheck box\u201d, puesto a su disposici\u00f3n en cada uno de los formularios de recogida de datos, referidos anteriormente.<\/p>\n<p>&nbsp;<\/p>\n<p><strong>\u00bfPor cu\u00e1nto tiempo conservaremos los datos personales del Usuario?<\/strong><\/p>\n<p>&nbsp;<\/p>\n<p>COLEGIO LOGOS conservar\u00e1 activos los datos personales proporcionados durante el tiempo necesario para atender la solicitud realizada por el Usuario. En el caso de los Curriculum Vitae, ser\u00e1n conservados durante un plazo de 2 a\u00f1os.<\/p>\n<p>&nbsp;<\/p>\n<p><strong>\u00bfA qu\u00e9 destinatarios se comunicar\u00e1n los datos personales del Usuario?<\/strong><\/p>\n<p>&nbsp;<\/p>\n<p>Los datos no ser\u00e1n comunicados a terceros salvo, en su caso, a autoridades competentes en el ejercicio de sus funciones.\u00a0As\u00ed los datos personales facilitados por el Usuario en el Sitio Web podr\u00e1n ser comunicados organismos p\u00fablicos, fuerzas y cuerpos de seguridad, tribunales y otras autoridades administrativas, cuando consideremos que es necesario para cumplir con una obligaci\u00f3n legal o para el ejercicio de acciones legales contra reclamaciones.<\/p>\n<p>&nbsp;<\/p>\n<p><strong>\u00bfCu\u00e1les son los derechos del Usuario cuando nos facilita sus datos personales?<\/strong><\/p>\n<p>&nbsp;<\/p>\n<p>El Usuario dispone y puede ejercitar los siguientes derechos en relaci\u00f3n con la informaci\u00f3n personal suministrada a COLEGIO LOGOS.<\/p>\n<p>&nbsp;<\/p>\n<ul>\n<li>Derecho de acceso: el Usuario tiene derecho a obtener confirmaci\u00f3n sobre los datos personales que le conciernen y acceder a tales datos personales.<\/li>\n<li>Derecho de rectificaci\u00f3n: el Usuario puede solicitar la rectificaci\u00f3n de los datos inexactos o a que sean completados los incompletos.<\/li>\n<li>Derecho de supresi\u00f3n: el Usuario tiene derecho a solicitarnos que suprimamos o eliminemos sus datos personales en algunas circunstancias cuando, entre otros motivos, los datos ya no sean necesarios para los fines que fueron recogidos o si retira su consentimiento (en relaci\u00f3n con los tratamientos basados en el mismo).<\/li>\n<li>Derecho a la limitaci\u00f3n del tratamiento: el Usuario puede solicitarnos, en determinadas circunstancias, que limitemos transitoriamente el tratamiento los datos personales facilitados, por ejemplo, cuando impugne la exactitud de dichos datos personales o se oponga al tratamiento en cuyo caso \u00fanicamente los conservaremos para el ejercicio o la defensa de reclamaciones.<\/li>\n<li>Derecho a la portabilidad de los datos: el Usuario tiene derecho, en el caso de tratamientos efectuados por medios automatizados, a obtener datos personales que nos haya proporcionado (en un formato estructurado, de uso com\u00fan y lectura mec\u00e1nica) as\u00ed como a solicitar que se transmitan a otra entidad responsable del tratamiento, cuando ello sea t\u00e9cnicamente posible.<\/li>\n<li>Revocar su consentimiento: el usuario tendr\u00e1 derecho a revocar su consentimiento en cualquier momento.<\/li>\n<li>Derecho a presentar una reclamaci\u00f3n ante la autoridad de control: el Usuario ante dudas sobre nuestras pr\u00e1cticas en materia de privacidad, incluido el modo en el que hemos tratado sus datos personales, puede ejercitar una reclamaci\u00f3n ante la Agencia Espa\u00f1ola de Protecci\u00f3n de Datos (<a href=\"http:\/\/www.agpd.es\/\">agpd.es<\/a>), especialmente cuando no haya obtenido satisfacci\u00f3n en el ejercicio de sus derechos.<\/li>\n<\/ul>\n<p>&nbsp;<\/p>\n<p>El Usuario tiene la posibilidad de ejercitar sus derechos legales ante el Responsable del Tratamiento, en cualquier momento, solicit\u00e1ndolo mediante un escrito dirigido a COLEGIO LOGOS a la direcci\u00f3n postal que consta en esta Pol\u00edtica de Privacidad (Referencia:\u00a0<em>\u201cEjercicio derechos RGPD<\/em>\u201d) que deber\u00e1 contener: su nombre y apellidos, fotocopia de su D.N.I.\/N.I.F. (pasaporte u otro documento v\u00e1lido que lo identifique), petici\u00f3n en que se concreta su solicitud, direcci\u00f3n a efectos de notificaciones, fecha, firma y, en su caso, documentos acreditativos de la petici\u00f3n que formula.<\/p>\n<p><strong>\u00a0<\/strong><\/p>\n<p>&nbsp;<\/p>\n<p>&nbsp;<\/p>\n","protected":false},"excerpt":{"rendered":"<p>Informaci\u00f3n adicional y detallada sobre protecci\u00f3n de datos personales La presente pol\u00edtica de privacidad (en adelante, la \u201cPol\u00edtica de Privacidad\u201d) tiene como objetivo facilitar informaci\u00f3n adicional y detallada a los interesados sobre la Pol\u00edtica de Privacidad de INVESTIGACI\u00d3N Y SERVICIOS EDUCATIVOS LOGOS, S.A. (en adelante \u201cCOLEGIO LOGOS\u201d), dando cumplimiento a la normativa en esta materia, [&hellip;]<\/p>\n","protected":false},"author":1,"featured_media":0,"parent":0,"menu_order":0,"comment_status":"closed","ping_status":"closed","template":"","meta":{"_et_pb_use_builder":"","_et_pb_old_content":"","footnotes":""},"class_list":["post-4085","page","type-page","status-publish","hentry"],"_links":{"self":[{"href":"https:\/\/logosnurseryschool.es\/nursery\/wp-json\/wp\/v2\/pages\/4085","targetHints":{"allow":["GET"]}}],"collection":[{"href":"https:\/\/logosnurseryschool.es\/nursery\/wp-json\/wp\/v2\/pages"}],"about":[{"href":"https:\/\/logosnurseryschool.es\/nursery\/wp-json\/wp\/v2\/types\/page"}],"author":[{"embeddable":true,"href":"https:\/\/logosnurseryschool.es\/nursery\/wp-json\/wp\/v2\/users\/1"}],"replies":[{"embeddable":true,"href":"https:\/\/logosnurseryschool.es\/nursery\/wp-json\/wp\/v2\/comments?post=4085"}],"version-history":[{"count":4,"href":"https:\/\/logosnurseryschool.es\/nursery\/wp-json\/wp\/v2\/pages\/4085\/revisions"}],"predecessor-version":[{"id":9550,"href":"https:\/\/logosnurseryschool.es\/nursery\/wp-json\/wp\/v2\/pages\/4085\/revisions\/9550"}],"wp:attachment":[{"href":"https:\/\/logosnurseryschool.es\/nursery\/wp-json\/wp\/v2\/media?parent=4085"}],"curies":[{"name":"wp","href":"https:\/\/api.w.org\/{rel}","templated":true}]}}