{"id":7035,"date":"2019-07-18T14:58:15","date_gmt":"2019-07-18T14:58:15","guid":{"rendered":"https:\/\/logosnurseryschool.es\/nursery\/?page_id=7035"},"modified":"2021-10-31T09:53:46","modified_gmt":"2021-10-31T09:53:46","slug":"excelencia-educativa","status":"publish","type":"page","link":"https:\/\/logosnurseryschool.es\/nursery\/excelencia-educativa\/","title":{"rendered":"Excelencia Educativa"},"content":{"rendered":"<p>[et_pb_section fb_built=&#8221;1&#8243; custom_padding_last_edited=&#8221;on|desktop&#8221; admin_label=&#8221;section&#8221; _builder_version=&#8221;3.0.74&#8243; custom_padding_tablet=&#8221;50px|0|50px|0&#8243; transparent_background=&#8221;off&#8221; padding_mobile=&#8221;off&#8221;][et_pb_row padding_mobile=&#8221;off&#8221; column_padding_mobile=&#8221;on&#8221; disabled_on=&#8221;on||&#8221; admin_label=&#8221;row&#8221; _builder_version=&#8221;3.0.47&#8243; background_color=&#8221;#f7f7f7&#8243; background_size=&#8221;initial&#8221; background_position=&#8221;top_left&#8221; background_repeat=&#8221;repeat&#8221;][et_pb_column type=&#8221;1_4&#8243; _builder_version=&#8221;3.0.47&#8243;][et_pb_image src=&#8221;https:\/\/logosnurseryschool.es\/nursery\/wp-content\/uploads\/2018\/11\/Calendario-xmas-1.jpg&#8221; alt=&#8221;Proyecto Cultural&#8221; title_text=&#8221;Proyecto Cultural&#8221; show_bottom_space=&#8221;off&#8221; align=&#8221;center&#8221; admin_label=&#8221;TIT Imagen PC \/ TB&#8221; _builder_version=&#8221;3.20.2&#8243; animation=&#8221;off&#8221; sticky=&#8221;on&#8221; use_border_color=&#8221;off&#8221; border_color=&#8221;#ffffff&#8221; border_width=&#8221;1px&#8221; border_style=&#8221;solid&#8221;][\/et_pb_image][\/et_pb_column][et_pb_column type=&#8221;3_4&#8243; _builder_version=&#8221;3.0.47&#8243;][et_pb_text admin_label=&#8221;TIT Text PC \/ TB&#8221; _builder_version=&#8221;3.20.2&#8243; text_font=&#8221;Pacifico||||&#8221; text_text_color=&#8221;#416c4e&#8221; text_font_size=&#8221;35px&#8221; text_letter_spacing=&#8221;2px&#8221; text_line_height=&#8221;2.7em&#8221; header_font=&#8221;||||||||&#8221; background_color=&#8221;#f7f7f7&#8243; background_size=&#8221;initial&#8221; background_position=&#8221;top_left&#8221; background_repeat=&#8221;repeat&#8221; custom_padding=&#8221;||15px|&#8221; use_border_color=&#8221;off&#8221; border_style=&#8221;solid&#8221;] <\/p>\n<h1 style=\" line-height: 2.7em; color: #416c4e !important; letter-spacing:3px; font-family: 'Pacifico',handwriting; font-size:40px;\">Resultados pruebas externas<\/h1>\n<p>[\/et_pb_text][\/et_pb_column][\/et_pb_row][et_pb_row padding_mobile=&#8221;off&#8221; column_padding_mobile=&#8221;on&#8221; disabled_on=&#8221;|on|on&#8221; admin_label=&#8221;row&#8221; _builder_version=&#8221;3.0.47&#8243; background_color=&#8221;#f7f7f7&#8243; background_size=&#8221;initial&#8221; background_position=&#8221;top_left&#8221; background_repeat=&#8221;repeat&#8221;][et_pb_column type=&#8221;1_4&#8243; _builder_version=&#8221;3.0.47&#8243;][et_pb_image src=&#8221;https:\/\/logosnurseryschool.es\/nursery\/wp-content\/uploads\/2014\/10\/music-player.png&#8221; alt=&#8221;Proyecto Cultural&#8221; title_text=&#8221;Proyecto Cultural&#8221; show_bottom_space=&#8221;off&#8221; align=&#8221;center&#8221; admin_label=&#8221;TIT Imagen MV&#8221; _builder_version=&#8221;3.0.87&#8243; animation=&#8221;off&#8221; sticky=&#8221;on&#8221; use_border_color=&#8221;off&#8221; border_color=&#8221;#ffffff&#8221; border_width=&#8221;1px&#8221; border_style=&#8221;solid&#8221;][\/et_pb_image][\/et_pb_column][et_pb_column type=&#8221;3_4&#8243; _builder_version=&#8221;3.0.47&#8243;][et_pb_text admin_label=&#8221;TIT Text MV&#8221; _builder_version=&#8221;3.20.2&#8243; text_font=&#8221;Pacifico||||&#8221; text_text_color=&#8221;#416c4e&#8221; text_font_size=&#8221;25px&#8221; text_letter_spacing=&#8221;2px&#8221; text_line_height=&#8221;2em&#8221; background_color=&#8221;#f7f7f7&#8243; background_size=&#8221;initial&#8221; background_position=&#8221;top_left&#8221; background_repeat=&#8221;repeat&#8221; text_orientation=&#8221;center&#8221; module_alignment=&#8221;center&#8221; custom_padding=&#8221;|||&#8221; use_border_color=&#8221;off&#8221; border_style=&#8221;solid&#8221;] <\/p>\n<h1 style=\" line-height: 2.7em; color: #416c4e !important; letter-spacing:3px; font-family: 'Pacifico',handwriting; font-size:30px;\">Proyecto Estimulaci\u00f3n musical y psicomotriz<\/h1>\n<p>[\/et_pb_text][\/et_pb_column][\/et_pb_row][\/et_pb_section][et_pb_section fb_built=&#8221;1&#8243; custom_padding_last_edited=&#8221;on|desktop&#8221; _builder_version=&#8221;3.0.74&#8243; custom_padding=&#8221;0px|0px|0px|0px&#8221; custom_padding_tablet=&#8221;50px|0|50px|0&#8243; transparent_background=&#8221;off&#8221; padding_mobile=&#8221;off&#8221;][et_pb_row use_custom_gutter=&#8221;on&#8221; gutter_width=&#8221;1&#8243; custom_padding=&#8221;27px|0px|0px|0px&#8221; padding_mobile=&#8221;off&#8221; column_padding_mobile=&#8221;on&#8221; _builder_version=&#8221;3.0.47&#8243; background_size=&#8221;initial&#8221; background_position=&#8221;top_left&#8221; background_repeat=&#8221;repeat&#8221;][et_pb_column type=&#8221;1_2&#8243; _builder_version=&#8221;3.0.47&#8243;][et_pb_text _builder_version=&#8221;3.20.2&#8243; background_size=&#8221;initial&#8221; background_position=&#8221;top_left&#8221; background_repeat=&#8221;repeat&#8221; custom_margin=&#8221;|||25px&#8221; use_border_color=&#8221;off&#8221;]<\/p>\n<h2>Excelencia acad\u00e9mica<\/h2>\n<p style=\"text-align: justify;\">La <strong>excelencia acad\u00e9mica<\/strong> se logra gracias a la confluencia de diversos factores, que elevan el potencial de los alumnos, ayud\u00e1ndoles a alcanzar sus objetivos.<\/p>\n<p style=\"text-align: justify;\">En Logos International School acumulamos m\u00e1s de 40 a\u00f1os celebrando la excelencia acad\u00e9mica, confirmada por los <strong>resultados<\/strong> logrados por los estudiantes del centro en <strong>evaluaciones externas.<\/strong><\/p>\n<p><strong><\/strong><\/p>\n<p>[\/et_pb_text][et_pb_button button_url=&#8221;https:\/\/logosinternationalschool.es\/wp-content\/uploads\/2019\/07\/3%C2%BA-primara.pdf&#8221; button_text=&#8221;Ver resultados&#8221; button_alignment=&#8221;center&#8221; _builder_version=&#8221;3.20.2&#8243; custom_margin=&#8221;||25px&#8221;][\/et_pb_button][\/et_pb_column][et_pb_column type=&#8221;1_2&#8243; _builder_version=&#8221;3.0.47&#8243;][et_pb_image src=&#8221;https:\/\/logosnurseryschool.es\/nursery\/wp-content\/uploads\/2019\/07\/6\u00ba-primaria_page-0001.jpg&#8221; url=&#8221;https:\/\/logosinternationalschool.es\/wp-content\/uploads\/2019\/07\/3%C2%BA-primara.pdf&#8221; url_new_window=&#8221;on&#8221; align=&#8221;center&#8221; _builder_version=&#8221;3.20.2&#8243; max_width=&#8221;35%&#8221; animation_style=&#8221;slide&#8221; animation_direction=&#8221;left&#8221; animation_duration=&#8221;500ms&#8221; animation_intensity_slide=&#8221;10%&#8221; animation=&#8221;left&#8221; sticky=&#8221;off&#8221; use_border_color=&#8221;off&#8221; border_color=&#8221;#ffffff&#8221; border_style=&#8221;solid&#8221;][\/et_pb_image][\/et_pb_column][\/et_pb_row][et_pb_row use_custom_gutter=&#8221;on&#8221; gutter_width=&#8221;1&#8243; custom_padding=&#8221;27px|0px|0px|0px&#8221; padding_mobile=&#8221;off&#8221; column_padding_mobile=&#8221;on&#8221; _builder_version=&#8221;3.20.2&#8243; background_color=&#8221;#ededed&#8221; background_size=&#8221;initial&#8221; background_position=&#8221;top_left&#8221; background_repeat=&#8221;repeat&#8221;][et_pb_column type=&#8221;1_2&#8243; _builder_version=&#8221;3.0.47&#8243;][et_pb_image src=&#8221;https:\/\/logosnurseryschool.es\/nursery\/wp-content\/uploads\/2019\/07\/6\u00ba-primaria_page-0001.jpg&#8221; url=&#8221;https:\/\/logosinternationalschool.es\/wp-content\/uploads\/2019\/07\/6%C2%BA-primaria.pdf&#8221; url_new_window=&#8221;on&#8221; align=&#8221;center&#8221; _builder_version=&#8221;3.20.2&#8243; max_width=&#8221;62%&#8221; animation_style=&#8221;slide&#8221; animation_direction=&#8221;left&#8221; animation_duration=&#8221;500ms&#8221; animation_intensity_slide=&#8221;10%&#8221; animation=&#8221;left&#8221; sticky=&#8221;off&#8221; use_border_color=&#8221;off&#8221; border_color=&#8221;#ffffff&#8221; border_style=&#8221;solid&#8221;][\/et_pb_image][\/et_pb_column][et_pb_column type=&#8221;1_2&#8243; _builder_version=&#8221;3.0.47&#8243;][et_pb_text _builder_version=&#8221;3.20.2&#8243; background_size=&#8221;initial&#8221; background_position=&#8221;top_left&#8221; background_repeat=&#8221;repeat&#8221; custom_margin=&#8221;|25px||&#8221; custom_padding=&#8221;|25px||&#8221; use_border_color=&#8221;off&#8221;]<\/p>\n<h3>Evaluaciones en Educaci\u00f3n Primaria<\/h3>\n<p style=\"text-align: justify;\">Las calificaciones del alumnado de Logos International School en las <strong>evaluaciones externas realizadas por la CAM (Comunidad de Madrid)<\/strong> se sit\u00faan muy <strong>por encima de la media de la comunidad.<\/strong><\/p>\n<p style=\"text-align: justify;\">Dichas evaluaciones se realizan a los alumnos de<strong> 3\u00ba y 6\u00ba de Primaria<\/strong> en todos los centros de ense\u00f1anza de la CAM, de acuerdo a la Ley Org\u00e1nica 8\/2013 para la Mejora de la Calidad Educativa.<\/p>\n<p style=\"text-align: justify;\">El objetivo es la obtenci\u00f3n de<strong> informaci\u00f3n orientativa<\/strong> sobre el grado de dominio de las distintas competencias.<\/p>\n<p style=\"text-align: justify;\">Los estudiantes de 3\u00ba de Primaria del Colegio han conseguido el nivel m\u00e1ximo en comunicaci\u00f3n ling\u00fc\u00edstica en espa\u00f1ol y en ingl\u00e9s. Mientras que en matem\u00e1ticas tambi\u00e9n se posicionan por delante de la media de la regi\u00f3n.<\/p>\n<p style=\"text-align: justify;\">Al igual que los alumnos de 6\u00ba de Primaria de Logos, que han obtenido unos resultados que superan la media de la comunidad.<\/p>\n<p style=\"text-align: justify;\">[\/et_pb_text][et_pb_button button_url=&#8221;https:\/\/logosinternationalschool.es\/wp-content\/uploads\/2019\/07\/6%C2%BA-primaria.pdf&#8221; button_text=&#8221;Ver resultados&#8221; button_alignment=&#8221;center&#8221; _builder_version=&#8221;3.20.2&#8243; custom_margin=&#8221;||25px&#8221;][\/et_pb_button][\/et_pb_column][\/et_pb_row][\/et_pb_section][et_pb_section fb_built=&#8221;1&#8243; custom_padding_last_edited=&#8221;on|desktop&#8221; _builder_version=&#8221;3.0.74&#8243; custom_padding=&#8221;54px|0px|2px|0px&#8221; custom_padding_tablet=&#8221;50px|0|50px|0&#8243; transparent_background=&#8221;off&#8221; padding_mobile=&#8221;off&#8221;][et_pb_row use_custom_gutter=&#8221;on&#8221; gutter_width=&#8221;1&#8243; custom_padding=&#8221;27px|0px|0px|0px&#8221; padding_mobile=&#8221;off&#8221; column_padding_mobile=&#8221;on&#8221; _builder_version=&#8221;3.0.47&#8243; background_size=&#8221;initial&#8221; background_position=&#8221;top_left&#8221; background_repeat=&#8221;repeat&#8221;][et_pb_column type=&#8221;1_2&#8243; _builder_version=&#8221;3.0.47&#8243;][et_pb_text _builder_version=&#8221;3.20.2&#8243; background_size=&#8221;initial&#8221; background_position=&#8221;top_left&#8221; background_repeat=&#8221;repeat&#8221; custom_margin=&#8221;|||25px&#8221; use_border_color=&#8221;off&#8221;]<\/p>\n<h3>Evaluaci\u00f3n 4\u00ba ESO<\/h3>\n<p>Lo mismo ocurre con la <strong>prueba de Evaluaci\u00f3n Final de Educaci\u00f3n Secundaria<\/strong>, en la que el alumnado de 4\u00ba de ESO del centro ha logrado el m\u00e1ximo nivel en ingl\u00e9s, <strong>superando\u00a0la nota media de la regi\u00f3n<\/strong> en todas las competencias.<\/p>\n<p>Esta evaluaci\u00f3n, al igual que la de Educaci\u00f3n Primaria, es una prueba censal a los alumnos de este curso en todos los centros de la Comunidad de Madrid. Su finalidad es diagn\u00f3stica, es decir, comprobar el grado de adquisici\u00f3n de las diferentes competencias.<\/p>\n<p>&nbsp;<\/p>\n<p>[\/et_pb_text][et_pb_button button_url=&#8221;https:\/\/logosinternationalschool.es\/wp-content\/uploads\/2019\/07\/4%C2%BAeso.pdf&#8221; button_text=&#8221;Ver resultados&#8221; button_alignment=&#8221;center&#8221; _builder_version=&#8221;3.20.2&#8243; custom_margin=&#8221;||25px&#8221;][\/et_pb_button][\/et_pb_column][et_pb_column type=&#8221;1_2&#8243; _builder_version=&#8221;3.0.47&#8243;][et_pb_image src=&#8221;https:\/\/logosnurseryschool.es\/nursery\/wp-content\/uploads\/2019\/07\/4\u00baeso_page-0001.jpg&#8221; url=&#8221;https:\/\/logosinternationalschool.es\/wp-content\/uploads\/2019\/07\/4%C2%BAeso.pdf&#8221; url_new_window=&#8221;on&#8221; align=&#8221;center&#8221; _builder_version=&#8221;3.20.2&#8243; max_width=&#8221;45%&#8221; animation_style=&#8221;slide&#8221; animation_direction=&#8221;left&#8221; animation_duration=&#8221;500ms&#8221; animation_intensity_slide=&#8221;10%&#8221; animation=&#8221;left&#8221; sticky=&#8221;off&#8221; use_border_color=&#8221;off&#8221; border_color=&#8221;#ffffff&#8221; border_style=&#8221;solid&#8221;][\/et_pb_image][\/et_pb_column][\/et_pb_row][et_pb_row use_custom_gutter=&#8221;on&#8221; gutter_width=&#8221;1&#8243; custom_padding=&#8221;27px|0px|0px|0px&#8221; padding_mobile=&#8221;off&#8221; column_padding_mobile=&#8221;on&#8221; _builder_version=&#8221;3.20.2&#8243; background_color=&#8221;#ededed&#8221; background_size=&#8221;initial&#8221; background_position=&#8221;top_left&#8221; background_repeat=&#8221;repeat&#8221;][et_pb_column type=&#8221;1_2&#8243; _builder_version=&#8221;3.0.47&#8243;][et_pb_text _builder_version=&#8221;3.20.2&#8243; background_size=&#8221;initial&#8221; background_position=&#8221;top_left&#8221; background_repeat=&#8221;repeat&#8221; custom_margin=&#8221;|||25px&#8221; use_border_color=&#8221;off&#8221;]<\/p>\n<h3 style=\"text-align: center;\">\u00a0<\/h3>\n<h3 style=\"text-align: center;\">100 % de aprobados en la EvAU<\/h3>\n<p style=\"text-align: justify;\">El acr\u00f3nimo EvAU se refiere a la Evaluaci\u00f3n para el Acceso a la Universidad, popularmente denominada selectividad.<\/p>\n<p style=\"text-align: justify;\">En Logos International School hemos logrado, un a\u00f1o m\u00e1s, un 100% de aprobados en la EvAU. Adem\u00e1s, con un resultado de notable. En la prueba del curso 2019\/2020, nuestros alumnos han obtenido una nota media de 8,20 sobre 10.<\/p>\n<p style=\"text-align: justify;\">\u00a1Enhorabuena a toda la familia Logos!<\/p>\n<p style=\"text-align: center;\">[\/et_pb_text][\/et_pb_column][et_pb_column type=&#8221;1_2&#8243; _builder_version=&#8221;3.0.47&#8243;][et_pb_image src=&#8221;https:\/\/logosnurseryschool.es\/nursery\/wp-content\/uploads\/2019\/04\/6omejorcolegio-1.jpg&#8221; align=&#8221;center&#8221; _builder_version=&#8221;3.20.2&#8243; max_width=&#8221;89%&#8221;][\/et_pb_image][\/et_pb_column][\/et_pb_row][et_pb_row use_custom_gutter=&#8221;on&#8221; gutter_width=&#8221;1&#8243; custom_padding=&#8221;27px|0px|0px|0px&#8221; padding_mobile=&#8221;off&#8221; column_padding_mobile=&#8221;on&#8221; _builder_version=&#8221;3.0.47&#8243; background_size=&#8221;initial&#8221; background_position=&#8221;top_left&#8221; background_repeat=&#8221;repeat&#8221;][et_pb_column type=&#8221;1_2&#8243; _builder_version=&#8221;3.0.47&#8243;][et_pb_image src=&#8221;https:\/\/logosnurseryschool.es\/nursery\/wp-content\/uploads\/2019\/07\/61595380_695106857614058_601508743875657728_n.png&#8221; align=&#8221;center&#8221; _builder_version=&#8221;3.20.2&#8243; max_width=&#8221;52%&#8221; custom_margin=&#8221;||43px&#8221;][\/et_pb_image][\/et_pb_column][et_pb_column type=&#8221;1_2&#8243; _builder_version=&#8221;3.0.47&#8243;][et_pb_text _builder_version=&#8221;3.20.2&#8243; custom_margin=&#8221;|||25px&#8221;]<\/p>\n<h3 style=\"text-align: center;\">\u00a0<\/h3>\n<h3 style=\"text-align: center;\">100% de aprobados en Diploma IB<\/h3>\n<p style=\"text-align: justify;\">Todos nuestros alumnos han obtenido el diploma de Bachillerato Internacional con una nota media 2021 de 36,75 puntos (correspondiente a 8,76 nota para la universidad espa\u00f1ola), <strong>por encima de la media mundial<\/strong>, habiendo obtenido el 50% de alumnos el diploma BILING\u00dcE.<\/p>\n<p style=\"text-align: justify;\">Enhorabuena a todo el equipo de profesores IB, a las familias y a todos los alumnos del Diploma. Menci\u00f3n especial a Carmen Garc\u00eda por sus 42 puntos.<\/p>\n<p>[\/et_pb_text][\/et_pb_column][\/et_pb_row][\/et_pb_section]<\/p>\n","protected":false},"excerpt":{"rendered":"<p>[et_pb_section fb_built=&#8221;1&#8243; custom_padding_last_edited=&#8221;on|desktop&#8221; admin_label=&#8221;section&#8221; _builder_version=&#8221;3.0.74&#8243; custom_padding_tablet=&#8221;50px|0|50px|0&#8243; transparent_background=&#8221;off&#8221; padding_mobile=&#8221;off&#8221;][et_pb_row padding_mobile=&#8221;off&#8221; column_padding_mobile=&#8221;on&#8221; disabled_on=&#8221;on||&#8221; admin_label=&#8221;row&#8221; _builder_version=&#8221;3.0.47&#8243; background_color=&#8221;#f7f7f7&#8243; background_size=&#8221;initial&#8221; background_position=&#8221;top_left&#8221; background_repeat=&#8221;repeat&#8221;][et_pb_column type=&#8221;1_4&#8243; _builder_version=&#8221;3.0.47&#8243;][et_pb_image src=&#8221;https:\/\/logosnurseryschool.es\/nursery\/wp-content\/uploads\/2018\/11\/Calendario-xmas-1.jpg&#8221; alt=&#8221;Proyecto Cultural&#8221; title_text=&#8221;Proyecto Cultural&#8221; show_bottom_space=&#8221;off&#8221; align=&#8221;center&#8221; admin_label=&#8221;TIT Imagen PC \/ TB&#8221; _builder_version=&#8221;3.20.2&#8243; animation=&#8221;off&#8221; sticky=&#8221;on&#8221; use_border_color=&#8221;off&#8221; border_color=&#8221;#ffffff&#8221; border_width=&#8221;1px&#8221; border_style=&#8221;solid&#8221;][\/et_pb_image][\/et_pb_column][et_pb_column type=&#8221;3_4&#8243; _builder_version=&#8221;3.0.47&#8243;][et_pb_text admin_label=&#8221;TIT Text PC \/ TB&#8221; _builder_version=&#8221;3.20.2&#8243; text_font=&#8221;Pacifico||||&#8221; text_text_color=&#8221;#416c4e&#8221; text_font_size=&#8221;35px&#8221; text_letter_spacing=&#8221;2px&#8221; text_line_height=&#8221;2.7em&#8221; header_font=&#8221;||||||||&#8221; background_color=&#8221;#f7f7f7&#8243; background_size=&#8221;initial&#8221; background_position=&#8221;top_left&#8221; [&hellip;]<\/p>\n","protected":false},"author":10,"featured_media":0,"parent":0,"menu_order":0,"comment_status":"closed","ping_status":"closed","template":"","meta":{"_et_pb_use_builder":"on","_et_pb_old_content":"","footnotes":""},"class_list":["post-7035","page","type-page","status-publish","hentry"],"_links":{"self":[{"href":"https:\/\/logosnurseryschool.es\/nursery\/wp-json\/wp\/v2\/pages\/7035","targetHints":{"allow":["GET"]}}],"collection":[{"href":"https:\/\/logosnurseryschool.es\/nursery\/wp-json\/wp\/v2\/pages"}],"about":[{"href":"https:\/\/logosnurseryschool.es\/nursery\/wp-json\/wp\/v2\/types\/page"}],"author":[{"embeddable":true,"href":"https:\/\/logosnurseryschool.es\/nursery\/wp-json\/wp\/v2\/users\/10"}],"replies":[{"embeddable":true,"href":"https:\/\/logosnurseryschool.es\/nursery\/wp-json\/wp\/v2\/comments?post=7035"}],"version-history":[{"count":12,"href":"https:\/\/logosnurseryschool.es\/nursery\/wp-json\/wp\/v2\/pages\/7035\/revisions"}],"predecessor-version":[{"id":9660,"href":"https:\/\/logosnurseryschool.es\/nursery\/wp-json\/wp\/v2\/pages\/7035\/revisions\/9660"}],"wp:attachment":[{"href":"https:\/\/logosnurseryschool.es\/nursery\/wp-json\/wp\/v2\/media?parent=7035"}],"curies":[{"name":"wp","href":"https:\/\/api.w.org\/{rel}","templated":true}]}}